3977 composite?
False
Is 28907936371 a composite number?
False
Is 30425132663 a composite number?
True
Is 78539821 a prime number?
True
Is 24886864011 composite?
True
Is 16376886997 prime?
True
Is 11986662689 a prime number?
True
Is 640843499 a prime number?
False
Is 78859883023 a prime number?
False
Is 29756866151 a composite number?
True
Is 2136517091 a prime number?
False
Is 3317153989 a prime number?
False
Is 2599241879 prime?
False
Is 132995965651 a composite number?
False
Is 1494965009 a composite number?
True
Is 5673480263 a prime number?
False
Is 19919788039 composite?
False
Is 108566600749 a prime number?
True
Is 1911025741 prime?
False
Is 17505575317 composite?
False
Is 275368139 composite?
True
Is 821407357 composite?
True
Is 705931397 composite?
True
Is 7189751243 composite?
False
Is 128562583 a composite number?
False
Is 34366359961 composite?
True
Is 23180818831 prime?
True
Is 156937259 prime?
True
Is 11146777 prime?
False
Is 1935828469 composite?
True
Is 3914529691 prime?
False
Is 90772189241 a composite number?
False
Is 56376113737 composite?
False
Is 677007841 prime?
False
Is 6238235897 a prime number?
True
Is 1760027531 prime?
True
Is 2386247443 composite?
True
Is 67286808547 a composite number?
True
Is 70949303389 composite?
False
Is 124281414341 composite?
True
Is 288971833 a composite number?
False
Is 4611959843 composite?
True
Is 333223560341 a composite number?
True
Is 10815638569 prime?
True
Is 2362422719 a composite number?
True
Is 552324099 a composite number?
True
Is 7118461541 a composite number?
True
Is 147387101 a prime number?
False
Is 696425239 composite?
False
Is 695513669 a composite number?
False
Is 274637411 composite?
True
Is 370932660779 prime?
False
Is 3188671199 a prime number?
False
Is 9368868217 a prime number?
False
Is 3704926051 composite?
True
Is 2112043411 a prime number?
False
Is 8748949939 composite?
False
Is 377934479 a composite number?
True
Is 33395037931 composite?
True
Is 1511580377 a prime number?
True
Is 34527236489 prime?
False
Is 58512313 a prime number?
True
Is 13506895117 a prime number?
True
Is 1655992643 a composite number?
True
Is 64896360229 composite?
False
Is 2792288459 a prime number?
False
Is 13650869611 composite?
True
Is 1029817673 composite?
True
Is 29834149195 prime?
False
Is 421125409 a composite number?
True
Is 364909849 composite?
False
Is 2183615767 a composite number?
False
Is 810838309 composite?
False
Is 148570341511 a prime number?
True
Is 1976700221 composite?
False
Is 1272488753 a prime number?
True
Is 6880889089 a prime number?
True
Is 8292973693 a composite number?
False
Is 138817327 a prime number?
False
Is 138978583687 a composite number?
False
Is 8651361371 a prime number?
False
Is 14349759817 composite?
False
Is 2976716357 prime?
True
Is 231314737 composite?
True
Is 8785586701 prime?
True
Is 113981797 a prime number?
False
Is 2249534281 a composite number?
True
Is 94657669 a prime number?
True
Is 915753751 prime?
False
Is 49133530337 composite?
False
Is 35745054619 a prime number?
False
Is 26864659169 a prime number?
True
Is 5363531947 a prime number?
False
Is 222775669 a composite number?
False
Is 320246431 composite?
True
Is 185880853 a prime number?
False
Is 332623487 a prime number?
False
Is 536032093 prime?
False
Is 7540297201 composite?
False
Is 6751581313 a prime number?
True
Is 833016857 prime?
True
Is 2697137641 a composite number?
True
Is 77418681 prime?
False
Is 6480547531 a prime number?
False
Is 11234425219 a prime number?
True
Is 214118029 prime?
True
Is 504770939 a composite number?
False
Is 19256627677 a composite number?
True
Is 955375865 a composite number?
True
Is 714864919 composite?
True
Is 12163236851 prime?
True
Is 264029 a composite number?
False
Is 17047347683 a prime number?
False
Is 33586331 a composite number?
False
Is 32209739399 a prime number?
True
Is 855185237 a prime number?
True
Is 47477159603 composite?
True
Is 709398929 prime?
False
Is 29700426811 a prime number?
False
Is 11471325883 a prime number?
False
Is 231490267 composite?
True
Is 45797732039 a prime number?
True
Is 8504568389 a prime number?
False
Is 24876046511 a composite number?
True
Is 65899670563 prime?
True
Is 3358609337 a composite number?
True
Is 1590501347 a prime number?
False
Is 160818597671 prime?
True
Is 6339171437 a prime number?
True
Is 92558909 a composite number?
False
Is 1145173 prime?
True
Is 235913621 prime?
True
Is 1726727243 a composite number?
True
Is 335443285 composite?
True
Is 2373304097 a composite number?
False
Is 27207669551 a prime number?
False
Is 76906772419 composite?
False
Is 3010600478 a composite number?
True
Is 418408009 composite?
True
Is 33265028123 a composite number?
True
Is 60964076029 a prime number?
False
Is 32282482481 composite?
True
Is 354703421 composite?
True
Is 76435504231 a composite number?
True
Is 265338757 a composite number?
True
Is 38994404987 a prime number?
True
Is 126544721 prime?
True
Is 13571001913 prime?
False
Is 6826822579 a prime number?
False
Is 4203987839 a prime number?
True
Is 20833167913 a prime number?
True
Is 57666918739 a composite number?
True
Is 5688625909 a prime number?
False
Is 822672043 prime?
True
Is 33286374599 composite?
False
Is 21238033 a prime number?
True
Is 7275286039 a prime number?
False
Is 13011330149 a composite number?
False
Is 2089560299 a prime number?
True
Is 1737725551 a prime number?
True
Is 3101706779 prime?
True
Is 107380181809 prime?
False
Is 4436404951 a composite number?
True
Is 59317994117 prime?
False
Is 2341659241 prime?
True
Is 10623422659 a composite number?
False
Is 5771093243 a prime number?
True
Is 369596861 a prime number?
False
Is 17898550393 a composite number?
False
Is 1342387331 composite?
False
Is 84157989841 composite?
True
Is 312429016519 composite?
False
Is 1581365509 composite?
True
Is 4539387031 prime?
True
Is 1985539379 a composite number?
False
Is 2406219713 a composite number?
False
Is 2625369121 a composite number?
True
Is 1366863829 prime?
True
Is 60970746197 composite?
False
Is 80816919 a composite number?
True
Is 3130129759 prime?
False
Is 3220856701 prime?
False
Is 585659167 a prime number?
True
Is 566571991 a prime number?
True
Is 1273825673 a prime number?
True
Is 60585035293 a prime number?
True
Is 32990143 a composite number?
False
Is 73444341 prime?
False
Is 8544378539 a prime number?
False
Is 5795433949 a prime number?
True
Is 7503257053 composite?
False
Is 1429641581 composite?
True
Is 1218931193 prime?
True
Is 76149041569 prime?
True
Is 17776108301 a composite number?
True
Is 8012256953 composite?
True
Is 9972949997 composite?
False
Is 1359780281 a prime number?
False
Is 1001403179 prime?
False
Is 55570423 a composite number?
False
Is 798954383 a prime number?
False
Is 7847083181 a composite number?
True
Is 2291870787 a composite number?
True
Is 49829094389 prime?
True
Is 54527082851 a prime number?
False
Is 1261019191 composite?
False
Is 8668129433 composite?
True
Is 1772624023 a prime number?
False
Is 13703822287 prime?
False
Is 4610879071 prime?
False
Is 118422438833 a prime number?
True
Is 35766272867 prime?
False
Is 2244597491 prime?
True
Is 1243383521 a composite number?
True
Is 111482255 prime?
False
Is 16290410753 composite?
True
Is 366430627 composite?
True
Is 20160851791 a prime number?
True
Is 166867965929 a prime number?
False
Is 511589137 composite?
False
Is 608340281 prime?
False
Is 643628831 a composite number?
False
Is 77626838671 a prime number?
False
Is 650497363 prime?
True
Is 3365023579 a composite number?
True
Is 2831224973 prime?
False
Is 251478869453 composite?
True
Is 22638267518 a composite number?
True
Is 4019407 prime?
False
Is 3131017067 a composite number?
False
Is 5441456633 a composite number?
True
Is 6619448107 a composite number?
True
Is 9102922843 prime?
False
Is 22124321482 composite?
True
Is 172115107 composite?
False
Is 1545476401 composite?
True
Is 53760996221 composite?
True
Is 23572991213 composite?
False
Is 118448767 a composite number?
False
Is 14049829 prime?
True
Is 1323686257 a prime number?
True
Is 16474633849 composite?
True
Is 100581109073 a composite number?
False
Is 322888469 a composite number?
False
Is 7651830561 a composite number?
True
Is 1168417433 prime?
True
Is 1166287336